s i(2)?
-10
Let d(m) = -4*m**2 - 3. Let l(a) = -5*a**2 - a - 4. Let n(h) = -6*d(h) + 5*l(h). Give n(-6).
-8
Let h be (-2)/(-4) + (-6)/(-4). Let l be (4 - 1)*(0 - -2). Let s(i) = -1 - l*i + 2*i**h - 3*i**2 - 4 + 2. What is s(-4)?
5
Let h(n) = -n**3 + 2*n**2 - 5*n - 1. Let q = -22 - -26. Let a(k) = k**3 - k**2 + 6*k + 2. Let v(u) = q*h(u) + 3*a(u). Suppose 0*g + 15 = 3*g. Determine v(g).
-8
Let b(r) be the third derivative of r**5/10 + r**3/6 - 7*r**2. What is b(1)?
7
Let z(c) be the second derivative of c**7/105 + c**6/360 + c**5/60 + c**4/24 - 2*c**3/3 - c. Let x(v) be the second derivative of z(v). Give x(-1).
-8
Let n(a) = -2*a + 1. Suppose -3*u - 2*m + 20 = -4*m, 3*u = -m + 8. Let y be 29/(-9) - u/(-18). Give n(y).
7
Suppose 2*f = 5*s + 4, 5*f - s = 7*f + 20. Let y(j) = j + 1. What is y(f)?
-7
Let r(v) be the first derivative of v**4/8 + v**3/6 + v**2/2 - 2. Let z(w) be the second derivative of r(w). Let u = -3 - -2. Give z(u).
-2
Suppose 0 = -o - 4*o - 10. Let b(d) = 2*d**3 + 3*d**2 + 2*d - 2. Calculate b(o).
-10
Let f(x) = -40*x + 10*x + 4 + 11*x + 17*x. Give f(3).
-2
Let d(f) be the first derivative of -f**3/3 - 3*f**2/2 + 3*f - 1. Let b be d(-3). Let x(c) = -3*c + 1. Give x(b).
-8
Let v(d) = -d**3 - 3*d**2 + 6*d + 6. Let j be v(-4). Let o be j/((-3)/(-4 - -1)). Let m(g) be the third derivative of -g**4/24 - 2*g**2. What is m(o)?
2
Let x(b) = b**2 - 3*b + 5. Let q(s) = s**2 - 2*s + 4. Suppose -i = 1, -141 = -4*z + i - 20. Suppose -y - 4*y = z. Let n(f) = y*q(f) + 5*x(f). Determine n(-4).
-3
Let h(a) = -a - 7. Let s(b) = -2*b - 13. Let k(d) = 5*h(d) - 3*s(d). Determine k(-4).
0
Suppose -4*d - 15 - 5 = 0. Let b(w) = w - 2*w - 41 + 38. Determine b(d).
2
Let g(o) = 6*o**2 + o. Let x(c) = -c + 9. Let k be x(7). Let m(b) = -13*b**2 - 3*b. Let s(i) = k*m(i) + 5*g(i). Give s(-1).
5
Let q(l) be the second derivative of -l**3/2 - l**2/2 + 38*l. Suppose -5*v + 5*y + 50 = 0, -3*v + 5*y + 20 = -v. Suppose -2*t = 3*t - v. Determine q(t).
-7
Let z(o) be the third derivative of -o**6/120 + o**4/8 + o**3/2 - 32*o**2. Give z(3).
-15
Suppose -5*s = -6 - 19. Suppose -5*p - 22 = -i + 2*i, -2*i - s*p - 19 = 0. Let q(d) = 3*d + 0*d - i - 4*d + 0*d. Determine q(-2).
-1
Let g be (1 - -2)*5/(-3). Let s(k) be the first derivative of -k**3/3 - 3*k**2 - 2*k - 17. Determine s(g).
3
Let q(r) = 2*r**3 + 19*r**2 + 4*r + 9. Let f(b) = -b**3 - 10*b**2 - 2*b - 5. Let s(j) = -11*f(j) - 6*q(j). Suppose -5*t - 9 = 1. What is s(t)?
-3
Let m = -9 - -12. Let i(d) = d - 3. Let b(g) = -2. Let k(q) = m*i(q) - 4*b(q). Suppose 4*o + 0 = 8. What is k(o)?
5
Let v(f) = -f**3 + f**2 - f - 2. Let b(l) = l**2 - 7*l - 1. Let t be b(6). Let y = t + 10. Suppose -w = y*w. Give v(w).
-2
Let n(u) = -192*u + 3 + 9*u**2 - 2 + 194*u. Suppose 0 = -w + 5*r + 24, 3*w = -0*r + 4*r + 17. Determine n(w).
8
Let d(l) = -l**3 + 5*l**2 + 5*l - 8. Let g(k) = 52 + k**2 + k - 52. Let a(o) = -o**3 - o**2 + 2*o - 1. Let z be a(1). Let c(n) = z*d(n) + 4*g(n). What is c(0)?
8
Suppose -16*g - 9 = 71. Let f(r) = -r**2 - 7*r - 7. Calculate f(g).
3
Let n(a) be the third derivative of -a**6/120 - a**5/60 + a**4/24 + a**3/2 - a**2. Let o be n(0). Let x(i) = 3*i + 4*i - 8*i - 4 + 2*i. What is x(o)?
-1
Let h(x) = -x**2 - 6*x - 4. Let w be h(-5). Let s be 3 - w - 0/2. Suppose -s*p + 6*p - 4 = 0. Let c(g) = -g**3. Determine c(p).
-1
Let b(d) = -d**2 - 5 - 17*d + 23*d - 7*d. Suppose 2*g - k - 3 = -2*k, -2*g - 6 = -2*k. Determine b(g).
-5
Let y = -4 - 2. Let g(s) be the second derivative of s**6/360 + s**5/20 + s**4/4 + 8*s. Let h(b) be the third derivative of g(b). Calculate h(y).
-6
Let x(a) = 2*a - 6. Suppose -6*p = -4*p - 4. Let h(n) = -1. Let c(r) = p*h(r) - x(r). Suppose -2*g = -6*g + 4*b + 12, 0 = 2*g - 3*b - 5. What is c(g)?
-4
Let k be -5 + (0 - 0) - (-20)/(-20). Let d(j) = j**2 + 6*j + 1. What is d(k)?
1
Suppose -3*n = -4*n + 4. Suppose 2*p = n*p. Let w(i) = 2*i + i**2 - i - 5*i + p*i**2. What is w(4)?
0
Let s(c) = 3*c + 8. Suppose -t + 0*t = -2*l - 10, 2*l + 4 = 0. Let q(y) = 4 - t - y + 0 - 1. Let i(u) = 8*q(u) + 3*s(u). Calculate i(-6).
-6
Suppose -w + 9 = 4*b, -w - w + b - 9 = 0. Let i(p) = -4*p + 2. Let m(t) = -t. Let v(o) = w*m(o) + i(o). Calculate v(0).
2
Let k(t) be the first derivative of -t**4/4 - 4*t**3/3 + 5*t**2/2 - 6*t + 7. Let j(h) = 2*h + 1. Let i be j(-3). Give k(i).
-6
Suppose -w + 16 - 6 = 0. Let z(c) = -c + 7. Determine z(w).
-3
Let l = -1 + 4. Let h(p) = 2*p + 3*p**3 + 2*p**2 - p**3 - 4*p**l + p**3. Suppose -2*d = -8 + 2. What is h(d)?
-3
Let y(d) = d**3 - 2*d - d + 4 + 4*d. Let b be (3/((-3)/(-2)))/1. Let v be b/8 + (-1)/4. Give y(v).
4
Let s(d) be the second derivative of d**5/20 - d**4/2 + 7*d**3/6 - 7*d**2/2 - 15*d. Give s(5).
3
Suppose 4*q + 4 = 5*t + q, 0 = 2*t - 2*q. Let v(g) be the second derivative of 7/2*g**t + 1/6*g**3 - 1/12*g**4 - g + 0. What is v(0)?
7
Suppose 3*k + 2*k - 7 = -3*h, 2*h = -2*k + 2. Let j(o) = -15*o**2 - o. Determine j(h).
-14
Let v be 38/(-14) - (-2)/(-7). Suppose 2*h - 15 = -3*h. Let a(f) = 0*f - 5*f - f**3 + f + 2 - h*f**2 + 6*f. Determine a(v).
-4
Let s(r) be the second derivative of 0 + 2*r + 0*r**2 + 0*r**3 + 1/4*r**5 + 0*r**4. Suppose -x = -5, -2*b + 1 - 4 = -x. Determine s(b).
5
Let j(w) = -w - 5. Let h be j(-5). Let l(q) = q**2 - q + 3. Determine l(h).
3
Let r(v) = -v**2 + v + 1. Suppose -2*h - h - 4 = -4*l, 4*l = 4*h. Suppose -4*m - h = -3*m + g, 2*m + 4*g + 12 = 0. What is r(m)?
-5
Let p = -7 + 9. Suppose -3*k = p*d + 6 + 5, 1 = k. Let v(r) = r**3 + 6*r**2 - 8*r - 3. Calculate v(d).
4
Let a(m) = 17*m - 2. Let f(r) = -5*r + 1. Let x(o) = -2*a(o) - 7*f(o). What is x(3)?
0
Let a be 0 + (-2 - -4) + -6. Let w(q) be the third derivative of -q**5/60 - 5*q**4/24 - q**3/6 + 32*q**2. Give w(a).
3
Let i(m) = 1. Let r(b) = 6*b + 10. Let y(v) = -8*i(v) - r(v). Let q(g) = 5*g + 17. Let s(u) = 5*q(u) + 4*y(u). Calculate s(0).
13
Let l(x) = 2*x - 4*x - 3*x**2 + 14 - 13. Give l(2).
-15
Let c = 121/12 + -143/15. Let v(q) be the second derivative of -1/2*q**2 + 0*q**4 - c*q**5 + 0 + 1/6*q**3 - 2*q. What is v(1)?
-11
Let i(t) = 5*t + 17. Let j(q) = -9*q - 34. Let w(v) = 7*i(v) + 4*j(v). Determine w(-13).
-4
Let u(k) = k - k - 2 - 7*k + 4*k. Determine u(4).
-14
Let o(z) = z + 10. Let h(s) = 3*s + 29. Let f(b) = 6*h(b) - 17*o(b). Suppose 2*n + 2*t + 8 = 0, -4*n - 15 = 5*t - 0. Let m = n + 1. Determine f(m).
0
Let w(h) be the first derivative of -h**3/3 + h**2/2 + 4*h + 23. Determine w(3).
-2
Let o(b) be the third derivative of -b**6/120 + 7*b**5/60 + b**4/24 + b**3 - 4*b**2. Determine o(7).
13
Suppose 5*u + 0*u - 20 = 0. Suppose -5*z + u*w - 10 = 0, -5*z + 0*w + w = -5. Let l(p) = -1 + 0 + 0 + 0 + p**z. Give l(3).
8
Let t = -13 + 18. Let h(q) = -q + 1. Let a(n) = -14*n + 6. Let w(x) = t*h(x) - a(x). Give w(-1).
-10
Let v be 3 + 3 - 0/(-1). Let m(b) = 3 - v + 3 - 6*b - 7 - b**2. Give m(-5).
-2
Let v be (3 - -1)*(-5 - -6). Let h = v - 8. Let q(k) = 0 - k**3 - k - 3 + 6*k - 2*k**2. Calculate q(h).
9
Let n(v) = -v - 1. Let o(m) = -m**2 - 4*m - 7. Let a(s) = 2*n(s) + o(s). Calculate a(-7).
-16
Let h(r) = -6*r**2 + 5*r**3 - 1 - 6*r**3 - 5*r - 5. Let u = -22 - -17. Calculate h(u).
-6
Let z(l) = -l**3 - 5*l**2 + 4*l - 5. Let c(r) = 4*r**2 - 5*r + r**3 + 10 - 9 + 0*r + 1. Let g be c(-5). Let k be (g + -8 + 0)/1. What is z(k)?
7
Let q(i) be the second derivative of -i**4/12 + i**2 - i. Let m = -9 - -7. Give q(m).
-2
Let r(h) = 2*h - h**2 + 2*h - 5*h. Let z(n) = -n**3 - 2*n**2. Let t(v) = 2*r(v) - z(v). Give t(-2).
-4
Let i(q) = -q. Let x be 39/9 - (-2)/3. Let s be (-10)/3*(-6)/x. Calculate i(s).
-4
Let r(h) = -5*h**3 + 6*h**2 - 6*h + 7. Let b(q) = q**3 - q**2 + q - 1. Let j(c) = -6*b(c) - r(c). Let u = -3 - -6. Suppose -u*k = -0*k. Determine j(k).
-1
Let o(b) = 34 - 19 - 16 + 8*b. Calculate o(-2).
-17
Let y(r) be the third derivative of 2*r**6/15 + r**5/60 - r**4/12 + r**3/6 - 14*r**2. Determine y(1).
16
Let s(v) = v**2 + v. Suppose -1 = -3*q - 4. Determine s(q).
0
Let j(g) be the third derivative of g**5/60 + g**4/3 - 2*g**3/3 - 4*g**2. Give j(-9).
5
Let g(d) be the second derivative of d**4/12 + d**3 - d**2 - 4*d. Give g(-5).
-7
Let f(y) = -y**2 + y + 5. Let p(z) = -3*z - 4. Let b be p(-3). What is f(b)?
-15
Let b(v) = v - 3. Suppose 0 = -5*k + 3*w + 14, -2*k + 3*k - 3*w = -2. Let 